15).
52
Let p(j) = 2*j**2 - 111*j + 1265. Give p(12).
221
Let z(d) = -d**2 + 71*d + 1844. Give z(-23).
-318
Let w(y) = 7*y**2 + 33*y - 2629. What is w(17)?
-45
Let q(d) = d**2 - 4804*d + 2721104. What is q(656)?
16
Let r(y) = -8560*y + 111205. What is r(13)?
-75
Let a(q) = 11*q**3 - 212*q**2 - 4*q + 1159. Give a(19).
0
Let s(f) = f**2 - 1072*f + 20201. Calculate s(19).
194
Let p(a) = -802*a**2 + 51500*a - 11011. What is p(64)?
-3
Let x(u) = u**3 - 50*u**2 - 295*u + 479. Calculate x(55).
-621
Let w(f) = 2*f**2 - 28966*f - 86897. Calculate w(-3).
19
Let i(z) = 444*z - 6622. Give i(12).
-1294
Let z(k) = -16*k**2 - 3112*k + 9479. Calculate z(3).
-1
Let r(s) = -12*s**2 - 2400*s + 26260. What is r(11)?
-1592
Let i(x) = 2598*x + 626111. Calculate i(-241).
-7
Let t(m) = 405000*m - 4454990. Give t(11).
10
Let i(n) = 76141*n + 532994. Give i(-7).
7
Let t(w) = -4*w**3 + 2807*w**2 + 12004*w - 1257. Determine t(706).
155
Let f(l) = -l**3 - 62*l**2 - 372*l - 340. What is f(-55)?
-1055
Let s(x) = 4*x**2 + 558*x + 12328. Determine s(-27).
178
Let z(t) = -1266*t - 97781. What is z(-77)?
-299
Let y(t) = t**2 - 2351*t + 263475. Calculate y(118).
-19
Let g(x) = x**3 + x**2 - 402*x + 2152. Determine g(6).
-8
Let y(q) = 7770*q + 30983. Calculate y(-4).
-97
Let t(o) = 293*o + 41355. Give t(-141).
42
Let n(a) = -a**3 + 375*a**2 - 5*a + 1875. Determine n(375).
0
Let o(t) = -5966*t - 4963713. What is o(-832)?
-1
Let q(w) = -w**3 + 47*w**2 - 215*w - 66. Determine q(5).
-91
Let z(c) = -32*c + 1825. Give z(58).
-31
Let f(u) = 254*u + 7727. Determine f(-23).
1885
Let i(k) = 3*k**3 + 266*k**2 + 187*k - 124. What is i(-88)?
-1092
Let j(k) = -k**3 - 9*k**2 + 11239*k + 145451. Give j(-13).
20
Let r(k) = 2*k**3 - 143*k**2 - 218*k - 22850. Calculate r(75).
175
Let o(f) = -10877*f - 21818. Calculate o(-2).
-64
Let x(j) = 70*j**2 - 1070*j + 4088. Give x(8).
8
Let k(g) = -g**3 + 238*g**2 - 1153*g + 50781. Calculate k(234).
3
Let b(i) = 48*i**2 + 141*i - 67. Determine b(-3).
-58
Let l(m) = m**3 - 312*m**2 - 1208*m - 17539. What is l(316)?
157
Let m(s) = -s**3 + 10*s**2 + 61*s - 33. What is m(14)?
37
Let b(u) = -u**2 - 957*u - 222164. Give b(-561).
-8
Let d(n) = -827*n + 4778. What is d(5)?
643
Let x(y) = -729*y + 214197. Give x(294).
-129
Let t(u) = -2085*u + 72981. What is t(35)?
6
Let a(x) = -444*x**2 - 50*x + 103. What is a(2)?
-1773
Let p(y) = -y**2 - 79*y + 11587. Determine p(-153).
265
Let g(y) = 289*y + 31777. Calculate g(-111).
-302
Let b(x) = -x**2 + 697*x + 23348. Give b(-32).
20
Let o(h) = -h**3 - h**2 - 394*h + 782. Give o(2).
-18
Let c(r) = -3245*r + 668513. What is c(206)?
43
Let p(i) = 2*i**3 + 53*i**2 + 315*i + 27. Calculate p(-18).
-135
Let t(w) = -4779*w + 57194. Determine t(12).
-154
Let m(f) = 4*f**2 + 4477*f + 626650. Give m(-164).
6
Let z(v) = -v**3 - 237*v**2 + 966*v + 428. Determine z(-241).
-54
Let r(b) = -392*b - 8589. Determine r(-22).
35
Let j(c) = c**3 - 17*c**2 + 10*c + 168. Determine j(19).
1080
Let i(d) = -d**3 + 257*d**2 - 492*d - 31. Give i(2).
5
Let x(q) = -20*q**3 - 6853*q**2 - 4449*q - 1028. Calculate x(-342).
-2
Let o(t) = t**2 + 5793*t + 28946. Give o(-5).
6
Let q(t) = -1004*t - 299234. Calculate q(-298).
-42
Let o(k) = k**3 + 142*k**2 + 3582*k - 38. What is o(-33)?
457
Let x(r) = -188*r**2 - 281*r + 280. Calculate x(1).
-189
Let s(p) = -11846381*p - 23692756. Calculate s(-2).
6
Let r(f) = 48346*f - 18. Determine r(0).
-18
Let k(u) = -29916*u**2 - 179497*u + 21. Determine k(-6).
27
Let p(f) = -f**3 - 21*f**2 + 184*f - 46. Determine p(-28).
290
Let u(t) = -2*t**2 - 158*t - 2475. What is u(-57)?
33
Let j(p) = -168*p**3 + 2859*p**2 + 20*p - 1207. Give j(17).
0
Let d(c) = 2*c**3 + 283*c**2 + 2265*c + 728. Determine d(-133).
196
Let j(x) = -124*x**2 - 1108*x + 248. Give j(-8).
1176
Let p(f) = -f**3 + 44*f**2 + 655*f - 30025. Determine p(43).
-11
Let u(b) = -7*b**2 - 76*b + 349. Determine u(6).
-359
Let p(m) = m**3 - 75*m**2 + 728*m + 9. Give p(11).
273
Let o(f) = 346364*f + 2424550. Determine o(-7).
2
Let o(j) = 73033*j + 6353881. Determine o(-87).
10
Let x(u) = u**3 + 36*u**2 + 88*u - 512. What is x(-34)?
-1192
Let o(u) = -3*u**2 - 145*u - 1686. What is o(-29)?
-4
Let y(v) = 3*v**2 - 646*v + 103. Give y(211).
-2640
Let o(t) = -6721*t + 94163. Calculate o(14).
69
Let x(h) = -6*h**2 + 1463*h - 10127. What is x(7)?
-180
Let p(s) = -6*s**3 - 136*s**2 + 1789*s - 98. Give p(-32).
-2
Let p(t) = 572*t - 17995. What is p(28)?
-1979
Let x(i) = i**2 + 33*i - 5823. Determine x(-96).
225
Let v(g) = 60316*g + 965066. Calculate v(-16).
10
Let d(p) = -270*p - 13982. Give d(-50).
-482
Let z(f) = 582526*f - 4077679. What is z(7)?
3
Let o(j) = -172694*j - 2763099. What is o(-16)?
5
Let d(s) = 99*s**3 + 100*s**2 - 29*s - 59. Determine d(-2).
-393
Let s(r) = 21*r**2 + 118*r - 801. Calculate s(4).
7
Let u(o) = 119524*o + 27610057. What is u(-231)?
13
Let q(f) = -95*f**3 + 83978*f**2 + 1772*f - 3513. What is q(884)?
23
Let m(f) = 48*f**3 - 111*f**2 + 21*f + 15. Calculate m(2).
-3
Let q(l) = -6*l**3 + 25*l**2 + 5*l + 418. Give q(6).
52
Let i(p) = 12*p**3 - 67*p**2 + 11*p - 10. What is i(5)?
-130
Let g(x) = -3*x**2 + 356*x + 5999. Give g(-15).
-16
Let m(b) = 12291*b - 11295439. What is m(919)?
-10
Let g(n) = n**2 + 32*n + 618. Calculate g(-59).
2211
Let u(k) = 2*k**3 + k**2 - 11*k - 6. Calculate u(-6).
-336
Let j(i) = 589*i + 4379. Give j(-9).
-922
Let z(o) = -2*o**2 + 63*o + 437. Calculate z(-8).
-195
Let q(c) = -3308*c + 6649. What is q(2)?
33
Let q(l) = -4*l**2 - 111543*l + 446188. Give q(4).
-48
Let i(h) = 6060*h + 60530. What is i(-10)?
-70
Let n(t) = -775*t**2 + 3096*t + 20. Give n(4).
4
Let t(i) = -2*i**3 - 592*i**2 - 1190*i - 5765. What is t(-294)?
-1649
Let p(i) = -7062*i**2 - 49442*i - 30. Give p(-7).
26
Let x(f) = -f**2 + 46946*f - 610126. What is x(13)?
3
Let b(u) = 1086*u - 143364. Calculate b(132).
-12
Let d(h) = 6*h**2 + 909*h + 22951. Give d(-32).
7
Let d(a) = -4303*a - 90354. What is d(-21)?
9
Let h(v) = 151713*v - 1061997. Determine h(7).
-6
Let b(m) = 121*m**2 + 695*m - 713. Give b(1).
103
Let s(p) = -5*p**3 + p**2 + 5. What is s(3)?
-121
Let z(q) = -3*q**3 - 267*q**2 - 830*q - 21. Determine z(-3).
147
Let u(c) = -749*c - 2410. Give u(-3).
-163
Let o(m) = 15*m**3 - 103*m**2 - 31*m + 134. What is o(6)?
-520
Let v(d) = -175044*d + 3. Calculate v(0).
3
Let w(o) = 20*o**2 - 21*o - 98. Give w(-5).
507
Let f(n) = -n**3 - 846*n**2 + 11951*n - 76534. Give f(-860).
6
Let u(m) = 208*m**2 + 529*m + 1565. What is u(-3)?
1850
Let n(j) = j**3 - 17*j**2 - 15185*j + 707. Give n(132).
47
Let c(g) = 2*g**3 + 17*g**2 - 16*g - 34. Calculate c(-11).
-463
Let o(t) = t**3 + 29*t**2 + 121*t + 2584. Calculate o(-28).
-20
Let f(r) = 115766*r + 12734254. What is f(-110)?
-6
Let a(g) = -g**3 + 22*g**2 - 214*g + 1058. What is a(13)?
-203
Let o(z) = 818*z + 40815. Determine o(-50).
-85
Let l(u) = -2*u**2 + 22568*u - 518183. Determine l(23).
-177
Let d(q) = 2*q**3 - 1016*q**2 - 9313*q + 3569. Determine d(517).
-50
Let b(z) = 3*z**2 + 4975*z + 1908183. Give b(-1056).
-9
Let m(o) = 3*o**3 - 1236*o**2 + 15591*o - 397. Give m(13).
-7
Let i(x) = -99*x + 1787. Give i(20).
-193
Let y(x) = -36*x**2 - 200*x + 8064. Calculate y(-18).
0
Let m(u) = -3409*u + 271875. Give m(80).
-845
Let z(s) = 1155*s**2 - 68855*s - 26697. Calculate z(60).
3
Let w(l) = -13*l**3 - 796*l**2 - 960*l - 6. Give w(-60).
-6
Let z(v) = 160*v - 21865. Calculate z(92).
-7145
Let x(p) = p**2 - 48*p + 347. Calculate x(63).
1292
Let z(o) = 2*o**2 + 117*o - 1231. Calculate z(9).
-16
Let s(k) = k**2 + 640*k + 86684. Give s(-195).
-91
Let l(d) = d**3 + 205*d**2 + 1567*d - 89. What is l(-8)?
-17
Let x(v) = 23705*v - 474036. Calculate x(20).
64
Let y(m) = -m**2 + 121*m - 428. What is y(5)?
152
Let s(b) = -8*b**3 - 76*b**2 + 35*b + 384. Calculate s(-10).
434
Let t(m) = -m**3 + 116*m**2 - 2535*m + 279. Calculate t(29).
-69
Let h(d) = -12*d**2 - 7235*d + 212673. What is h(-631)?
26
Let o(l) = -l**2 - 11619*l + 1432400. Give o(122).
-2
Let r(y) = 35903*y + 5026427. Calculate r(-140).
7
Let b(y) = -136*y - 12395. Determine b(-105).
1885
Let m(f) = 17360*f - 52091. Give m(3).
-11
Let y(u) = u**2 + 241*u + 706. Calculate y(-3).
-8
Let n(s) = 6*s**3 + 194*s**2 + 72*s + 153. What is n(-32)?
-103
Let t(r) = 38*r - 2950. Give t(73).
-176